{"id":768,"date":"2024-09-24T21:50:10","date_gmt":"2024-09-24T21:50:10","guid":{"rendered":"https:\/\/beta7.technodreamcenter.com\/parkswatch.org\/?page_id=768"},"modified":"2025-02-25T23:46:56","modified_gmt":"2025-02-25T23:46:56","slug":"pw-brazil","status":"publish","type":"page","link":"https:\/\/beta10.technodreamcenter.com\/parkswatch.org\/pw-brazil\/","title":{"rendered":"PW-Brazil"},"content":{"rendered":"\t\t<div data-elementor-type=\"wp-page\" data-elementor-id=\"768\" class=\"elementor elementor-768\">\n\t\t\t\t<div class=\"elementor-element elementor-element-e8230ba e-flex e-con-boxed e-con e-child\" data-id=\"e8230ba\" data-element_type=\"container\" data-settings=\"{&quot;background_background&quot;:&quot;classic&quot;}\">\n\t\t\t\t\t<div class=\"e-con-inner\">\n\t\t\t\t<div class=\"elementor-element elementor-element-5dfe1dd elementor-widget elementor-widget-page-title\" data-id=\"5dfe1dd\" data-element_type=\"widget\" data-settings=\"{&quot;align&quot;:&quot;left&quot;}\" data-widget_type=\"page-title.default\">\n\t\t\t\t<div class=\"elementor-widget-container\">\n\t\t\t\t\t\t\t\n\t\t<div class=\"hfe-page-title hfe-page-title-wrapper elementor-widget-heading\">\n\n\t\t\t\t\t\t\t\t\t\t\t<a href=\"https:\/\/beta10.technodreamcenter.com\/parkswatch.org\">\n\t\t\t\t\t\t<h1 class=\"elementor-heading-title elementor-size-default\">\n\t\t\t\t\t\t\t\t\n\t\t\t\tPW-Brazil  \n\t\t\t<\/h1 > \n\t\t\t\t\t\t\t\t\t<\/a>\n\t\t\t\t\t<\/div>\n\t\t\t\t\t\t<\/div>\n\t\t\t\t<\/div>\n\t\t\t\t\t<\/div>\n\t\t\t\t<\/div>\n\t\t<div class=\"elementor-element elementor-element-29b6d87 e-flex e-con-boxed e-con e-parent\" data-id=\"29b6d87\" data-element_type=\"container\">\n\t\t\t\t\t<div class=\"e-con-inner\">\n\t\t\t\t<div class=\"elementor-element elementor-element-7f0e7c3 elementor-widget elementor-widget-text-editor\" data-id=\"7f0e7c3\" data-element_type=\"widget\" data-widget_type=\"text-editor.default\">\n\t\t\t\t<div class=\"elementor-widget-container\">\n\t\t\t\t\t\t\t\t\t<p>ParksWatch partner is Funda\u00e7\u00e3o O Botic\u00e1rio de Prote\u00e7\u00e3o a Natureza (FBPN) of Curitiba, Brazil. FBPN is a non-profit institution which develops and provides support for nature conservation projects throughout Brazil. FBPN works with partner organizations and researchers to preserve natural areas, to save endangered species of plants and animals, and to raise environmental awareness among the Brazilian society.<\/p><p>The ParksWatch-Brazil partnership strives to strengthen the ability of Brazil\u2019s protected area system to preserve the biodiversity and processes of natural areas. By monitoring the effectiveness of this system, PW can determine the degree to which Brazil\u2019s protected areas are effective in protecting biodiversity and influence the decisions and actions of protected area managers, government officials, and the general public. At present, ParksWatch-Brazil is concentrating on the protected areas located within the Atlantic Forest Biome.<\/p><p>ParksWatch-Brazil is directed by Antonio Cristiano Vieira Cegana.<\/p>\t\t\t\t\t\t\t\t<\/div>\n\t\t\t\t<\/div>\n\t\t\t\t\t<\/div>\n\t\t\t\t<\/div>\n\t\t<div class=\"elementor-element elementor-element-02eab1d e-flex e-con-boxed e-con e-parent\" data-id=\"02eab1d\" data-element_type=\"container\" data-settings=\"{&quot;background_background&quot;:&quot;classic&quot;}\">\n\t\t\t\t\t<div class=\"e-con-inner\">\n\t\t\t\t<div class=\"elementor-element elementor-element-8f4dad8 e-n-tabs-mobile elementor-widget elementor-widget-n-tabs\" data-id=\"8f4dad8\" data-element_type=\"widget\" data-settings=\"{&quot;horizontal_scroll&quot;:&quot;disable&quot;}\" data-widget_type=\"nested-tabs.default\">\n\t\t\t\t<div class=\"elementor-widget-container\">\n\t\t\t\t\t\t\t<div class=\"e-n-tabs\" data-widget-number=\"150264536\" aria-label=\"Tabs. Open items with Enter or Space, close with Escape and navigate using the Arrow keys.\">\n\t\t\t<div class=\"e-n-tabs-heading\" role=\"tablist\">\n\t\t\t\t\t<button id=\"e-n-tab-title-1502645361\" class=\"e-n-tab-title\" aria-selected=\"true\" data-tab-index=\"1\" role=\"tab\" tabindex=\"0\" aria-controls=\"e-n-tab-content-1502645361\" style=\"--n-tabs-title-order: 1;\">\n\t\t\t\t\t<span class=\"e-n-tab-icon\">\n\t\t\t<svg aria-hidden=\"true\" class=\"e-font-icon-svg e-fas-tree\" viewBox=\"0 0 384 512\" xmlns=\"http:\/\/www.w3.org\/2000\/svg\"><path d=\"M378.31 378.49L298.42 288h30.63c9.01 0 16.98-5 20.78-13.06 3.8-8.04 2.55-17.26-3.28-24.05L268.42 160h28.89c9.1 0 17.3-5.35 20.86-13.61 3.52-8.13 1.86-17.59-4.24-24.08L203.66 4.83c-6.03-6.45-17.28-6.45-23.32 0L70.06 122.31c-6.1 6.49-7.75 15.95-4.24 24.08C69.38 154.65 77.59 160 86.69 160h28.89l-78.14 90.91c-5.81 6.78-7.06 15.99-3.27 24.04C37.97 283 45.93 288 54.95 288h30.63L5.69 378.49c-6 6.79-7.36 16.09-3.56 24.26 3.75 8.05 12 13.25 21.01 13.25H160v24.45l-30.29 48.4c-5.32 10.64 2.42 23.16 14.31 23.16h95.96c11.89 0 19.63-12.52 14.31-23.16L224 440.45V416h136.86c9.01 0 17.26-5.2 21.01-13.25 3.8-8.17 2.44-17.47-3.56-24.26z\"><\/path><\/svg>\t\t\t<svg aria-hidden=\"true\" class=\"e-font-icon-svg e-fas-tree\" viewBox=\"0 0 384 512\" xmlns=\"http:\/\/www.w3.org\/2000\/svg\"><path d=\"M378.31 378.49L298.42 288h30.63c9.01 0 16.98-5 20.78-13.06 3.8-8.04 2.55-17.26-3.28-24.05L268.42 160h28.89c9.1 0 17.3-5.35 20.86-13.61 3.52-8.13 1.86-17.59-4.24-24.08L203.66 4.83c-6.03-6.45-17.28-6.45-23.32 0L70.06 122.31c-6.1 6.49-7.75 15.95-4.24 24.08C69.38 154.65 77.59 160 86.69 160h28.89l-78.14 90.91c-5.81 6.78-7.06 15.99-3.27 24.04C37.97 283 45.93 288 54.95 288h30.63L5.69 378.49c-6 6.79-7.36 16.09-3.56 24.26 3.75 8.05 12 13.25 21.01 13.25H160v24.45l-30.29 48.4c-5.32 10.64 2.42 23.16 14.31 23.16h95.96c11.89 0 19.63-12.52 14.31-23.16L224 440.45V416h136.86c9.01 0 17.26-5.2 21.01-13.25 3.8-8.17 2.44-17.47-3.56-24.26z\"><\/path><\/svg>\t\t<\/span>\n\t\t\t\t\t<span class=\"e-n-tab-title-text\">\n\t\t\t\tNational Context\t\t\t<\/span>\n\t\t<\/button>\n\t\t\t\t<button id=\"e-n-tab-title-1502645362\" class=\"e-n-tab-title\" aria-selected=\"false\" data-tab-index=\"2\" role=\"tab\" tabindex=\"-1\" aria-controls=\"e-n-tab-content-1502645362\" style=\"--n-tabs-title-order: 2;\">\n\t\t\t\t\t<span class=\"e-n-tab-icon\">\n\t\t\t<svg aria-hidden=\"true\" class=\"e-font-icon-svg e-fas-file\" viewBox=\"0 0 384 512\" xmlns=\"http:\/\/www.w3.org\/2000\/svg\"><path d=\"M224 136V0H24C10.7 0 0 10.7 0 24v464c0 13.3 10.7 24 24 24h336c13.3 0 24-10.7 24-24V160H248c-13.2 0-24-10.8-24-24zm160-14.1v6.1H256V0h6.1c6.4 0 12.5 2.5 17 7l97.9 98c4.5 4.5 7 10.6 7 16.9z\"><\/path><\/svg>\t\t\t<svg aria-hidden=\"true\" class=\"e-font-icon-svg e-fas-file\" viewBox=\"0 0 384 512\" xmlns=\"http:\/\/www.w3.org\/2000\/svg\"><path d=\"M224 136V0H24C10.7 0 0 10.7 0 24v464c0 13.3 10.7 24 24 24h336c13.3 0 24-10.7 24-24V160H248c-13.2 0-24-10.8-24-24zm160-14.1v6.1H256V0h6.1c6.4 0 12.5 2.5 17 7l97.9 98c4.5 4.5 7 10.6 7 16.9z\"><\/path><\/svg>\t\t<\/span>\n\t\t\t\t\t<span class=\"e-n-tab-title-text\">\n\t\t\t\tPark Profiles\t\t\t<\/span>\n\t\t<\/button>\n\t\t\t\t\t<\/div>\n\t\t\t<div class=\"e-n-tabs-content\">\n\t\t\t\t<div id=\"e-n-tab-content-1502645361\" role=\"tabpanel\" aria-labelledby=\"e-n-tab-title-1502645361\" data-tab-index=\"1\" style=\"--n-tabs-title-order: 1;\" class=\"e-active elementor-element elementor-element-d0a490b e-con-full e-flex e-con e-child\" data-id=\"d0a490b\" data-element_type=\"container\">\n\t\t<div class=\"elementor-element elementor-element-95c4999 e-con-full e-flex e-con e-child\" data-id=\"95c4999\" data-element_type=\"container\">\n\t\t\t\t<div class=\"elementor-element elementor-element-dfee573 elementor-widget elementor-widget-heading\" data-id=\"dfee573\" data-element_type=\"widget\" data-widget_type=\"heading.default\">\n\t\t\t\t<div class=\"elementor-widget-container\">\n\t\t\t\t\t<h2 class=\"elementor-heading-title elementor-size-default\">Geography<\/h2>\t\t\t\t<\/div>\n\t\t\t\t<\/div>\n\t\t\t\t<div class=\"elementor-element elementor-element-7100b67 elementor-widget elementor-widget-text-editor\" data-id=\"7100b67\" data-element_type=\"widget\" data-widget_type=\"text-editor.default\">\n\t\t\t\t<div class=\"elementor-widget-container\">\n\t\t\t\t\t\t\t\t\t<p><span style=\"font-weight: 400;\">Brazil is more than 8.5 million km2 and has almost 7,500 kilometers of coastline. The climate varies between equatorial, tropical, and subtropical. There are approximately 180 million inhabitants distributed unevenly throughout the country. The population density of the coastal states can reach 306 inhabitants per km2 while in the Amazon region it is only 1.1 inhabitants per km2.<\/span><\/p><p align=\"justify\">\u00a0<\/p><p><span style=\"font-weight: 400;\">There are seven defined biomes in Brazil: Amazon, Caatinga, Campos Sulinos, Cerrado, Atlantic Forest, Pantanal and Coastal Ecosystems. In a recent survey coordinated by Instituto Brasileiro do Meio Ambiente e dos Recursos Naturais Renov\u00e1veis (IBAMA), Brazil was divided in 78 terrestrial ecoregions. Areas with similar features were grouped in the same ecoregion in order to help IBAMA better prioritize and plan its biodiversity conservation activities.<\/span><\/p><p align=\"justify\">\u00a0<\/p><p><span style=\"font-weight: 400;\">Brazilian biodiversity is among the highest in the world, embracing about 10% of the 1.4 million species known to science. Two Brazilian biomes, the Atlantic Forest and the Cerrado, have been identified among the 25 biodiversity &#8220;hotspots&#8221; due to their exceptional concentrations of endemic species and their high rates of habitat loss (Myers et al. 2000).<\/span><\/p>\t\t\t\t\t\t\t\t<\/div>\n\t\t\t\t<\/div>\n\t\t\t\t<\/div>\n\t\t<div class=\"elementor-element elementor-element-6a11cb8 e-con-full e-flex e-con e-child\" data-id=\"6a11cb8\" data-element_type=\"container\">\n\t\t\t\t<div class=\"elementor-element elementor-element-0d9d722 elementor-widget elementor-widget-image\" data-id=\"0d9d722\" data-element_type=\"widget\" data-widget_type=\"image.default\">\n\t\t\t\t<div class=\"elementor-widget-container\">\n\t\t\t\t\t\t\t\t\t\t\t\t\t\t\t<img fetchpriority=\"high\" decoding=\"async\" width=\"768\" height=\"1024\" src=\"https:\/\/beta10.technodreamcenter.com\/parkswatch.org\/wp-content\/uploads\/2024\/10\/brazil-national-context-768x1024.jpg\" class=\"attachment-large size-large wp-image-1175\" alt=\"\" srcset=\"https:\/\/beta10.technodreamcenter.com\/parkswatch.org\/wp-content\/uploads\/2024\/10\/brazil-national-context-768x1024.jpg 768w, https:\/\/beta10.technodreamcenter.com\/parkswatch.org\/wp-content\/uploads\/2024\/10\/brazil-national-context-225x300.jpg 225w, https:\/\/beta10.technodreamcenter.com\/parkswatch.org\/wp-content\/uploads\/2024\/10\/brazil-national-context-1152x1536.jpg 1152w, https:\/\/beta10.technodreamcenter.com\/parkswatch.org\/wp-content\/uploads\/2024\/10\/brazil-national-context-1536x2048.jpg 1536w, https:\/\/beta10.technodreamcenter.com\/parkswatch.org\/wp-content\/uploads\/2024\/10\/brazil-national-context-scaled.jpg 1920w\" sizes=\"(max-width: 768px) 100vw, 768px\" \/>\t\t\t\t\t\t\t\t\t\t\t\t\t\t\t<\/div>\n\t\t\t\t<\/div>\n\t\t\t\t<\/div>\n\t\t<div class=\"elementor-element elementor-element-bdbcc3b e-con-full e-flex e-con e-child\" data-id=\"bdbcc3b\" data-element_type=\"container\">\n\t\t\t\t<div class=\"elementor-element elementor-element-4eedd3f elementor-widget elementor-widget-n-accordion\" data-id=\"4eedd3f\" data-element_type=\"widget\" data-settings=\"{&quot;default_state&quot;:&quot;expanded&quot;,&quot;max_items_expended&quot;:&quot;one&quot;,&quot;n_accordion_animation_duration&quot;:{&quot;unit&quot;:&quot;ms&quot;,&quot;size&quot;:400,&quot;sizes&quot;:[]}}\" data-widget_type=\"nested-accordion.default\">\n\t\t\t\t<div class=\"elementor-widget-container\">\n\t\t\t\t\t\t\t<div class=\"e-n-accordion\" aria-label=\"Accordion. Open links with Enter or Space, close with Escape, and navigate with Arrow Keys\">\n\t\t\t\t\t\t<details id=\"e-n-accordion-item-8270\" class=\"e-n-accordion-item\" open>\n\t\t\t\t<summary class=\"e-n-accordion-item-title\" data-accordion-index=\"1\" tabindex=\"0\" aria-expanded=\"true\" aria-controls=\"e-n-accordion-item-8270\" >\n\t\t\t\t\t<span class='e-n-accordion-item-title-header'><div class=\"e-n-accordion-item-title-text\"> National System of Protected Areas <\/div><\/span>\n\t\t\t\t\t\t\t<span class='e-n-accordion-item-title-icon'>\n\t\t\t<span class='e-opened' ><svg aria-hidden=\"true\" class=\"e-font-icon-svg e-fas-minus\" viewBox=\"0 0 448 512\" xmlns=\"http:\/\/www.w3.org\/2000\/svg\"><path d=\"M416 208H32c-17.67 0-32 14.33-32 32v32c0 17.67 14.33 32 32 32h384c17.67 0 32-14.33 32-32v-32c0-17.67-14.33-32-32-32z\"><\/path><\/svg><\/span>\n\t\t\t<span class='e-closed'><svg aria-hidden=\"true\" class=\"e-font-icon-svg e-fas-plus\" viewBox=\"0 0 448 512\" xmlns=\"http:\/\/www.w3.org\/2000\/svg\"><path d=\"M416 208H272V64c0-17.67-14.33-32-32-32h-32c-17.67 0-32 14.33-32 32v144H32c-17.67 0-32 14.33-32 32v32c0 17.67 14.33 32 32 32h144v144c0 17.67 14.33 32 32 32h32c17.67 0 32-14.33 32-32V304h144c17.67 0 32-14.33 32-32v-32c0-17.67-14.33-32-32-32z\"><\/path><\/svg><\/span>\n\t\t<\/span>\n\n\t\t\t\t\t\t<\/summary>\n\t\t\t\t<div role=\"region\" aria-labelledby=\"e-n-accordion-item-8270\" class=\"elementor-element elementor-element-45ec9b0 e-con-full e-flex e-con e-child\" data-id=\"45ec9b0\" data-element_type=\"container\" data-settings=\"{&quot;background_background&quot;:&quot;classic&quot;}\">\n\t\t\t\t<div class=\"elementor-element elementor-element-f2a7e7b elementor-widget elementor-widget-text-editor\" data-id=\"f2a7e7b\" data-element_type=\"widget\" data-widget_type=\"text-editor.default\">\n\t\t\t\t<div class=\"elementor-widget-container\">\n\t\t\t\t\t\t\t\t\t<p><span style=\"font-weight: 400;\">Brazil&#8217;s current protected areas system, the National System of Natural Conservation Units, was created in 2000 by Federal Law No 9.985. It is composed of federal, state and municipal conservation units. These conservation units are divided in two separate categories: full protection conservation units and sustainable use conservation units.<\/span><\/p><p align=\"justify\">\u00a0<\/p><p><span style=\"font-weight: 400;\">National parks, ecological stations, biological preserves, natural monuments and wildlife refuges are all considered full protection conservation units. Legally, only non-consumptive resource uses are allowed within the full protection conservation units, as the objective of these units is nature preservation. The sustainable use conservation units include national forests, fauna reserves, extractive reserves, relevant ecological interest areas, sustainable development reserves, environmental protection areas and natural heritage private preserves. The goal of the sustainable use conservation units, as the name suggests, is to combine conservation with sustainable resource use.<\/span><\/p><p align=\"justify\">\u00a0<\/p><p><span style=\"font-weight: 400;\">IBAMA is the federal agency responsible for the federal conservation units, among many other things. The headquarters is in Brasilia, the capital of Brazil. IBAMA is part of the Ministry of the Environment, which is the agency responsible for the execution of the national politics of the environment. See their website at: http:\/\/www.ibama.gov.br\/.<\/span><\/p><p align=\"justify\">\u00a0<\/p><p><span style=\"font-weight: 400;\">Today, 2.8% of Brazil&#8217;s territory is represented by full protection conservation units and 3.5% by sustainable use conservation units. None of Brazil&#8217;s biomes is satisfactorily protected. Only about 10% of the Amazon biome and 13% of the coastal ecosystem biome are protected by federal conservation units, while others such as Pantanal or the transition area between the Cerrado and the Amazon have less than one percent protection.<\/span><\/p><p align=\"justify\">\u00a0<\/p><p><span style=\"font-weight: 400;\">Realizing its responsibility, Brazil has taken important steps towards protecting its environment and biodiversity. During the last five years, Brazil created several new conservation units totaling more than 12.3 million hectares. This represents a 30% increase in federally protected areas. The most notable new conservation unit is Tumucumaque Mountains National Park, which, with 3.9 million hectares, is the largest tropical protected area in the world. In addition, over the next 10 years, the Brazilian government plans to protect an additional 50 million hectares of the Amazon region.<\/span><\/p>\t\t\t\t\t\t\t\t<\/div>\n\t\t\t\t<\/div>\n\t\t\t\t<\/div>\n\t\t\t\t\t<\/details>\n\t\t\t\t\t\t<details id=\"e-n-accordion-item-8271\" class=\"e-n-accordion-item\" >\n\t\t\t\t<summary class=\"e-n-accordion-item-title\" data-accordion-index=\"2\" tabindex=\"-1\" aria-expanded=\"false\" aria-controls=\"e-n-accordion-item-8271\" >\n\t\t\t\t\t<span class='e-n-accordion-item-title-header'><div class=\"e-n-accordion-item-title-text\"> Table of Brazilian Protected Areas <\/div><\/span>\n\t\t\t\t\t\t\t<span class='e-n-accordion-item-title-icon'>\n\t\t\t<span class='e-opened' ><svg aria-hidden=\"true\" class=\"e-font-icon-svg e-fas-minus\" viewBox=\"0 0 448 512\" xmlns=\"http:\/\/www.w3.org\/2000\/svg\"><path d=\"M416 208H32c-17.67 0-32 14.33-32 32v32c0 17.67 14.33 32 32 32h384c17.67 0 32-14.33 32-32v-32c0-17.67-14.33-32-32-32z\"><\/path><\/svg><\/span>\n\t\t\t<span class='e-closed'><svg aria-hidden=\"true\" class=\"e-font-icon-svg e-fas-plus\" viewBox=\"0 0 448 512\" xmlns=\"http:\/\/www.w3.org\/2000\/svg\"><path d=\"M416 208H272V64c0-17.67-14.33-32-32-32h-32c-17.67 0-32 14.33-32 32v144H32c-17.67 0-32 14.33-32 32v32c0 17.67 14.33 32 32 32h144v144c0 17.67 14.33 32 32 32h32c17.67 0 32-14.33 32-32V304h144c17.67 0 32-14.33 32-32v-32c0-17.67-14.33-32-32-32z\"><\/path><\/svg><\/span>\n\t\t<\/span>\n\n\t\t\t\t\t\t<\/summary>\n\t\t\t\t<div role=\"region\" aria-labelledby=\"e-n-accordion-item-8271\" class=\"elementor-element elementor-element-d65a013 e-con-full e-flex e-con e-child\" data-id=\"d65a013\" data-element_type=\"container\" data-settings=\"{&quot;background_background&quot;:&quot;classic&quot;}\">\n\t\t\t\t<div class=\"elementor-element elementor-element-a2ed970 elementor-widget elementor-widget-text-editor\" data-id=\"a2ed970\" data-element_type=\"widget\" data-widget_type=\"text-editor.default\">\n\t\t\t\t<div class=\"elementor-widget-container\">\n\t\t\t\t\t\t\t\t\t<table><tbody><tr><td><p><b>Category\u00a0<\/b><\/p><\/td><td><p><b> Number of units within each category<\/b><\/p><\/td><td><p><b>Size (Ha)<\/b><\/p><\/td><\/tr><tr><td><p><span style=\"font-weight: 400;\">Biological Preserve<\/span><\/p><\/td><td><p><span style=\"font-weight: 400;\">25<\/span><\/p><\/td><td><p><span style=\"font-weight: 400;\">3,431,928<\/span><\/p><\/td><\/tr><tr><td><p><span style=\"font-weight: 400;\">Ecological Station<\/span><\/p><\/td><td><p><span style=\"font-weight: 400;\">29<\/span><\/p><\/td><td><p><span style=\"font-weight: 400;\">3,660,882<\/span><\/p><\/td><\/tr><tr><td><p><span style=\"font-weight: 400;\">National Park<\/span><\/p><\/td><td><p><span style=\"font-weight: 400;\">52<\/span><\/p><\/td><td><p><span style=\"font-weight: 400;\">16,632,358<\/span><\/p><\/td><\/tr><tr><td><p><span style=\"font-weight: 400;\">Wildlife Refuge<\/span><\/p><\/td><td><p><span style=\"font-weight: 400;\">1<\/span><\/p><\/td><td><p><span style=\"font-weight: 400;\">128,521<\/span><\/p><\/td><\/tr><tr><td><p><span style=\"font-weight: 400;\">Environmental Protection Area<\/span><\/p><\/td><td><p><span style=\"font-weight: 400;\">29<\/span><\/p><\/td><td><p><span style=\"font-weight: 400;\">7,635,061<\/span><\/p><\/td><\/tr><tr><td><p><span style=\"font-weight: 400;\">Area of Relevant Ecological Interest<\/span><\/p><\/td><td><p><span style=\"font-weight: 400;\">17<\/span><\/p><\/td><td><p><span style=\"font-weight: 400;\">43,384<\/span><\/p><\/td><\/tr><tr><td><p><span style=\"font-weight: 400;\">National Forest<\/span><\/p><\/td><td><p><span style=\"font-weight: 400;\">63<\/span><\/p><\/td><td><p><span style=\"font-weight: 400;\">17,378,915<\/span><\/p><\/td><\/tr><tr><td><p><span style=\"font-weight: 400;\">Extractive Reserve<\/span><\/p><\/td><td><p><span style=\"font-weight: 400;\">30<\/span><\/p><\/td><td><p><span style=\"font-weight: 400;\">5,132,206<\/span><\/p><\/td><\/tr><tr><td><p><span style=\"font-weight: 400;\">Natural Heritage Private Preserve<\/span><\/p><\/td><td><p><span style=\"font-weight: 400;\">368<\/span><\/p><\/td><td><p><span style=\"font-weight: 400;\">406,234<\/span><\/p><\/td><\/tr><tr><td><p><span style=\"font-weight: 400;\">Fauna Reserve*<\/span><\/p><\/td><td><p><span style=\"font-weight: 400;\">0<\/span><\/p><\/td><td><p><span style=\"font-weight: 400;\">0<\/span><\/p><\/td><\/tr><tr><td><p><span style=\"font-weight: 400;\">Sustainable Development Reserve*<\/span><\/p><\/td><td><p><span style=\"font-weight: 400;\">0<\/span><\/p><\/td><td><p><span style=\"font-weight: 400;\">0<\/span><\/p><\/td><\/tr><tr><td><p><span style=\"font-weight: 400;\">Natural Monument*<\/span><\/p><\/td><td><p><span style=\"font-weight: 400;\">0<\/span><\/p><\/td><td><p><span style=\"font-weight: 400;\">0<\/span><\/p><\/td><\/tr><tr><td><p><b>TOTAL<\/b><\/p><\/td><td><p><b>614<\/b><\/p><\/td><td><p><b>54,449,489<\/b><\/p><\/td><\/tr><\/tbody><\/table>\t\t\t\t\t\t\t\t<\/div>\n\t\t\t\t<\/div>\n\t\t\t\t<\/div>\n\t\t\t\t\t<\/details>\n\t\t\t\t\t<\/div>\n\t\t\t\t\t\t<\/div>\n\t\t\t\t<\/div>\n\t\t\t\t<\/div>\n\t\t\t\t<\/div>\n\t\t<div id=\"e-n-tab-content-1502645362\" role=\"tabpanel\" aria-labelledby=\"e-n-tab-title-1502645362\" data-tab-index=\"2\" style=\"--n-tabs-title-order: 2;\" class=\" elementor-element elementor-element-2f2dd32 e-con-full e-flex e-con e-child\" data-id=\"2f2dd32\" data-element_type=\"container\">\n\t\t\t\t<div class=\"elementor-element elementor-element-4db0060 elementor-align-center elementor-widget elementor-widget-button\" data-id=\"4db0060\" data-element_type=\"widget\" data-widget_type=\"button.default\">\n\t\t\t\t<div class=\"elementor-widget-container\">\n\t\t\t\t\t\t\t\t\t<div class=\"elementor-button-wrapper\">\n\t\t\t\t\t<a class=\"elementor-button elementor-button-link elementor-size-sm elementor-animation-grow\" href=\"https:\/\/beta10.technodreamcenter.com\/parkswatch.org\/parkswatch-profile-navigator\/\">\n\t\t\t\t\t\t<span class=\"elementor-button-content-wrapper\">\n\t\t\t\t\t\t\t\t\t<span class=\"elementor-button-text\">Click here<\/span>\n\t\t\t\t\t<\/span>\n\t\t\t\t\t<\/a>\n\t\t\t\t<\/div>\n\t\t\t\t\t\t\t\t<\/div>\n\t\t\t\t<\/div>\n\t\t\t\t<\/div>\n\t\t\t\t\t<\/div>\n\t\t<\/div>\n\t\t\t\t\t\t<\/div>\n\t\t\t\t<\/div>\n\t\t\t\t\t<\/div>\n\t\t\t\t<\/div>\n\t\t<div class=\"elementor-element elementor-element-ae6e77f e-flex e-con-boxed e-con e-parent\" data-id=\"ae6e77f\" data-element_type=\"container\">\n\t\t\t\t\t<div class=\"e-con-inner\">\n\t\t<div class=\"elementor-element elementor-element-44608da e-con-full e-flex e-con e-child\" data-id=\"44608da\" data-element_type=\"container\" data-settings=\"{&quot;background_background&quot;:&quot;classic&quot;}\">\n\t\t<div class=\"elementor-element elementor-element-d2aeaf6 e-con-full e-flex e-con e-child\" data-id=\"d2aeaf6\" data-element_type=\"container\" data-settings=\"{&quot;background_background&quot;:&quot;classic&quot;}\">\n\t\t<div class=\"elementor-element elementor-element-fade68d e-con-full e-flex e-con e-child\" data-id=\"fade68d\" data-element_type=\"container\">\n\t\t\t\t<div class=\"elementor-element elementor-element-564f50f elementor-view-default elementor-widget elementor-widget-icon\" data-id=\"564f50f\" data-element_type=\"widget\" data-widget_type=\"icon.default\">\n\t\t\t\t<div class=\"elementor-widget-container\">\n\t\t\t\t\t\t\t<div class=\"elementor-icon-wrapper\">\n\t\t\t<div class=\"elementor-icon\">\n\t\t\t<svg aria-hidden=\"true\" class=\"e-font-icon-svg e-far-address-book\" viewBox=\"0 0 448 512\" xmlns=\"http:\/\/www.w3.org\/2000\/svg\"><path d=\"M436 160c6.6 0 12-5.4 12-12v-40c0-6.6-5.4-12-12-12h-20V48c0-26.5-21.5-48-48-48H48C21.5 0 0 21.5 0 48v416c0 26.5 21.5 48 48 48h320c26.5 0 48-21.5 48-48v-48h20c6.6 0 12-5.4 12-12v-40c0-6.6-5.4-12-12-12h-20v-64h20c6.6 0 12-5.4 12-12v-40c0-6.6-5.4-12-12-12h-20v-64h20zm-68 304H48V48h320v416zM208 256c35.3 0 64-28.7 64-64s-28.7-64-64-64-64 28.7-64 64 28.7 64 64 64zm-89.6 128h179.2c12.4 0 22.4-8.6 22.4-19.2v-19.2c0-31.8-30.1-57.6-67.2-57.6-10.8 0-18.7 8-44.8 8-26.9 0-33.4-8-44.8-8-37.1 0-67.2 25.8-67.2 57.6v19.2c0 10.6 10 19.2 22.4 19.2z\"><\/path><\/svg>\t\t\t<\/div>\n\t\t<\/div>\n\t\t\t\t\t\t<\/div>\n\t\t\t\t<\/div>\n\t\t\t\t<\/div>\n\t\t<div class=\"elementor-element elementor-element-b56ad83 e-con-full e-flex e-con e-child\" data-id=\"b56ad83\" data-element_type=\"container\">\n\t\t\t\t<div class=\"elementor-element elementor-element-59968b7 elementor-widget elementor-widget-text-editor\" data-id=\"59968b7\" data-element_type=\"widget\" data-widget_type=\"text-editor.default\">\n\t\t\t\t<div class=\"elementor-widget-container\">\n\t\t\t\t\t\t\t\t\t<p>PW &#8211; Brazil<br \/>Funda\u00e7\u00e3o O Botic\u00e1rio de Prote\u00e7\u00e3o \u00e0 Natureza<br \/>Programa de \u00c1reas Naturais Protegidas<br \/>Tel: (+55) 41-3340-2648<br \/>Email: antoniocv@fundacaoboticario.org.br<\/p>\t\t\t\t\t\t\t\t<\/div>\n\t\t\t\t<\/div>\n\t\t\t\t<\/div>\n\t\t\t\t<\/div>\n\t\t\t\t<\/div>\n\t\t\t\t\t<\/div>\n\t\t\t\t<\/div>\n\t\t\t\t<\/div>\n\t\t","protected":false},"excerpt":{"rendered":"<p>PW-Brazil ParksWatch partner is Funda\u00e7\u00e3o O Botic\u00e1rio de Prote\u00e7\u00e3o a Natureza (FBPN) of Curitiba, Brazil. FBPN is a non-profit institution which develops and provides support for nature conservation projects throughout Brazil. FBPN works with partner organizations and researchers to preserve natural areas, to save endangered species of plants and animals, and to raise environmental awareness [&hellip;]<\/p>\n","protected":false},"author":1,"featured_media":0,"parent":0,"menu_order":0,"comment_status":"closed","ping_status":"closed","template":"","meta":{"_acf_changed":false,"footnotes":""},"class_list":["post-768","page","type-page","status-publish","hentry"],"acf":[],"_links":{"self":[{"href":"https:\/\/beta10.technodreamcenter.com\/parkswatch.org\/wp-json\/wp\/v2\/pages\/768","targetHints":{"allow":["GET"]}}],"collection":[{"href":"https:\/\/beta10.technodreamcenter.com\/parkswatch.org\/wp-json\/wp\/v2\/pages"}],"about":[{"href":"https:\/\/beta10.technodreamcenter.com\/parkswatch.org\/wp-json\/wp\/v2\/types\/page"}],"author":[{"embeddable":true,"href":"https:\/\/beta10.technodreamcenter.com\/parkswatch.org\/wp-json\/wp\/v2\/users\/1"}],"replies":[{"embeddable":true,"href":"https:\/\/beta10.technodreamcenter.com\/parkswatch.org\/wp-json\/wp\/v2\/comments?post=768"}],"version-history":[{"count":19,"href":"https:\/\/beta10.technodreamcenter.com\/parkswatch.org\/wp-json\/wp\/v2\/pages\/768\/revisions"}],"predecessor-version":[{"id":1858,"href":"https:\/\/beta10.technodreamcenter.com\/parkswatch.org\/wp-json\/wp\/v2\/pages\/768\/revisions\/1858"}],"wp:attachment":[{"href":"https:\/\/beta10.technodreamcenter.com\/parkswatch.org\/wp-json\/wp\/v2\/media?parent=768"}],"curies":[{"name":"wp","href":"https:\/\/api.w.org\/{rel}","templated":true}]}}